e -91 = -0*i + 13*i. Let k be r(i). Suppose -5*b - 2*w = -831, 2*b + 4*w - 330 = k*w. What is the units digit of b?
7
Let x(s) = 21*s**3 + s**2 - 1. Let u be x(1). Let p be 2*-2 + 2 + 3 + u. Suppose p*y - 1800 = 14*y. What is the units digit of y?
5
Suppose 0 = a - v - 3*v - 2421, v = -3*a + 7198. Suppose -5*h = -12*h + a. Let n = h + -153. What is the units digit of n?
0
Let c(p) = 75 + 50*p + 45*p - 71. Let s(v) = v + 1. Let z(l) = c(l) - 5*s(l). What is the units digit of z(1)?
9
Let t = 10 - 22. Let p(i) be the first derivative of -7*i**2/2 + 9*i - 7. What is the tens digit of p(t)?
9
Suppose -9*t + 4*t - 2*k + 3213 = 0, -4*t + 2574 = -2*k. Let g = t + -263. What is the units digit of g?
0
Suppose -30*g + 375063 = -2*g - 3273. What is the units digit of g?
2
Let t be (-4)/(-6) + 2318/6. What is the hundreds digit of 4/(-18) - (-285692)/t?
7
Suppose 2*l - 55*z - 2 = -58*z, 0 = -5*l - 5*z + 15. What is the units digit of l?
7
Let m = 86920 - 47762. What is the thousands digit of m?
9
Let u = 137766 + -74741. What is the thousands digit of u?
3
Suppose 9*x = 34011 + 7478 + 35524. What is the thousands digit of x?
8
Let s(d) = -d**3 + 11*d**2 - 11*d + 12. Let k(h) = 2*h**2 + 9*h - 8. Let p be k(-6). Let c be s(p). What is the hundreds digit of ((-43)/c)/(11/(-110))?
2
Let b(w) = 5*w + 80. Let f be b(-16). What is the tens digit of (f + -18)*21/(-18)?
2
Let p(k) = -k**3 + 14*k**2 + 14*k + 28. Suppose 15 + 5 = 4*g. Suppose g*z = d, -21 + 93 = 4*d + 4*z. What is the tens digit of p(d)?
1
Suppose 0 = -3*i - 4*s + 203865 - 49419, 3*s = -3*i + 154455. What is the tens digit of i?
9
Suppose 21 - 7 = -2*w. Let d = w - -13. What is the tens digit of (d/45*141)/(2/20)?
8
Suppose 4*q - 22751 - 3909 = 0. What is the units digit of q?
5
Suppose 18*p + 2024500 = 118*p. What is the hundreds digit of p?
2
Let b = -268 + 273. Suppose f - 2236 = -4*s, 7*f - 8 = b*f. What is the tens digit of s?
5
Let o be (-1)/8 + (-1)/((-8)/41). Suppose -5*u + 3*z - 8*z = -1195, -954 = -4*u - o*z. What is the units digit of u?
1
Let w(h) = h**3 - 6*h**2 + 9*h + 14. Let l(i) = 10*i + 155. Let y be l(-15). What is the units digit of w(y)?
4
Let o(k) = 525*k**3 - 7*k**2 + 15*k + 5. What is the thousands digit of o(3)?
4
Suppose 107*a - 1061459 = 3762208. What is the tens digit of a?
8
What is the units digit of -3 - (-138)/48 - ((-1241145)/24)/3?
8
Suppose 0 = -3363*d + 3395*d - 802560. What is the ten thousands digit of d?
2
Let t(o) = 132*o**2 - 348*o - 232. What is the ten thousands digit of t(-13)?
2
Let y(v) = -8*v**2 + 231*v - 95. Let z(n) = -6*n**2 + 154*n - 63. Let k(x) = -5*y(x) + 7*z(x). What is the units digit of k(-31)?
9
What is the ten thousands digit of ((1 - 0)*2)/(52/874666) - 8?
3
Let u = -4401 - -16333. What is the hundreds digit of u?
9
Let o(c) = -3*c**2 - 16*c + 2. Let v be o(-5). Let h be (-6)/(-21) - (-26)/v. Suppose -6 = h*n - 138. What is the units digit of n?
3
Let c = -400 + 777. Let t be c/(-3) + (-2)/6. Let g = t + 221. What is the tens digit of g?
9
Let r(a) = -a**3 + 80*a**2 - 69*a + 153. What is the tens digit of r(77)?
2
Suppose -847*r = -837*r - 17890. What is the hundreds digit of r?
7
Let i(f) = -7*f + 9. Let c be (1 + 0)*(3 + -2 - -2). Let n(p) = -1. Let z(o) = c*n(o) - i(o). What is the tens digit of z(9)?
5
Let t(s) = 996*s**2 - 157*s - 98. What is the hundreds digit of t(5)?
0
Let a(f) = 17*f + 1717. Suppose 6*l = 11*l. What is the tens digit of a(l)?
1
Suppose -4*c + 3852 + 1728 = 0. Suppose -3*q = 4*h - 2424, -3*h + 2*q = -c - 406. What is the hundreds digit of h?
6
Suppose 2*j + 432 = 2*g - 0*g, 4 = g. Let y = 52 - j. What is the tens digit of y?
6
Let g = 52 - 56. What is the hundreds digit of g/((-80)/11884) - 8/(-10)?
5
Let r(w) = 90*w**3 + 14*w - 31. What is the units digit of r(3)?
1
Suppose 4*k - 5 = 7. Suppose f - k*i = 107, 58 = 4*f - 2*i - 400. What is the units digit of f?
6
Suppose -5*c + 31021 = v, 10789 = -4*c + v + 35613. What is the hundreds digit of c?
2
Suppose 9*u + 12*u = -1323. Let r(o) = -o**3 + o**2 + 4*o - 5. Let c be r(2). Let q = c - u. What is the units digit of q?
2
Let d be 24/36*(-3486)/4. Let t = d - -1087. What is the tens digit of t?
0
Let y(t) = -t**2 - 7*t + 21. Let r be y(6). Let k = 71 + r. What is the tens digit of 5*(k/21)/((-5)/(-126))?
8
Suppose -2*u - 20205 - 15772 = -q, 5*q - 5*u - 179895 = 0. What is the tens digit of q?
8
Suppose 4*k + 13*q - 100944 = 0, -9*k + 14*k = 5*q + 126095. What is the hundreds digit of k?
2
What is the tens digit of ((-556938)/(-20))/(210/140) + (-4)/(-10)?
6
Let x(f) = 101*f**2 + 32*f - 53. What is the hundreds digit of x(7)?
1
Suppose -3*t - 4 = -10. Suppose 2 = c - t, 3*p = 5*c + 379. Suppose 4*z = 4*x - 760, -z + 528 - p = 2*x. What is the hundreds digit of x?
1
Suppose 0 = 4*n - 9*n - 15. Let z(d) = -2*d - 2. Let u be z(n). Suppose t + u*q = -q + 99, -q = -t + 99. What is the tens digit of t?
9
Suppose -120071 - 622992 = -149*k. What is the units digit of k?
7
Let m(i) = -i**3 + 11*i**2 - 19*i + 42. Let o be m(9). Suppose o*v - 19*v = 15876. What is the tens digit of v?
3
Suppose 0 = -4*z + 4*j + 44, 2*z = z - j + 19. Let x = z + -3. Suppose 0 = -9*b + x*b - 276. What is the units digit of b?
2
Let h(o) = -o**3 + 2*o**2 + 5*o. Let k be h(-2). Let c be 6*2/k - -2. Suppose -5*d - c*d + 1017 = 0. What is the hundreds digit of d?
1
Let d be 15/(-2)*96/36. Let z = d + 18. What is the tens digit of ((-92)/12)/((-2)/6) + z?
2
Let u be -1 + 5 + -9 + 56. Suppose -337 = -u*g + 50*g. What is the units digit of g?
7
Suppose -17*x = -20*x - 1338. Let j = x - -659. What is the units digit of j?
3
Let g be (685/2 - (-32)/(-8))*-2. Let q = g - -970. What is the hundreds digit of q?
2
Let o(u) = 20*u**3 + u**2 + u - 1. Let f be o(1). Suppose -6*r + 9 = -f. Suppose -r*m - 111 = -291. What is the tens digit of m?
3
Suppose 5*l = 330 + 200. Let r = -68 + l. Let u = r - 25. What is the tens digit of u?
1
Let j(d) = d**2 + 8*d - 82. Let q be j(6). Suppose q*r = r + 207. What is the hundreds digit of r?
2
Let g(i) = -i + 6*i**2 - 7*i - 8*i**2 + 4*i**2 - 104. What is the tens digit of g(11)?
5
Let k = 66 + -65. Let l(q) = 19*q**2 + 17*q - 16. What is the units digit of l(k)?
0
Suppose 5*u + 2 - 7 = 0, -u = -4*z + 63519. What is the units digit of z?
0
Let f(v) be the first derivative of -319*v**2/2 + 10*v - 37. What is the tens digit of f(-1)?
2
Suppose -4 = -4*n + 5*a, 3*n + 3*a - 3 = 4*a. Let c(x) = 4 + 1 - n + x**2 + 3*x - 14*x. What is the tens digit of c(12)?
1
Suppose -17*p + 53 = -66. Let q(h) = h**3 - 24*h + 19. What is the units digit of q(p)?
4
Let l be 74/10 + (-9)/(-15). What is the hundreds digit of (2 - 18/l) + (-13006)/(-56)?
2
Suppose -2*d - 17 = 5*j, 0 = 2*d + 2*d - 3*j - 31. Suppose -5*g + 18 = k + 6, -2 = -d*g + 3*k. What is the tens digit of (-1660)/(-28) - g/7?
5
Suppose -3*w - 2*f - 64 = -7*w, -21 = -w + 3*f. Let p(x) = -x**3 + 13*x**2 + 31*x - 9. Let j be p(w). What is the units digit of (8/j)/((-12)/(-234))?
6
Let z(q) be the third derivative of q**4/12 + 29*q**3/2 - 11*q**2. Suppose -6*i = -i. What is the tens digit of z(i)?
8
Let y(n) = 4*n**3 + 6*n**2 - 10*n + 9. Let s(o) = o**3 - o**2 - o + 1. Let p(m) = 3*s(m) - y(m). Let v be p(-10). Let c = -16 + v. What is the units digit of c?
8
What is the hundreds digit of ((-10622)/6)/(31/(-93))?
3
Let u be (1*487 - 1)/(76/456). Suppose -12*c = 15*c - u. What is the tens digit of c?
0
Let d(a) = 8*a**2 + 156*a - 181. What is the tens digit of d(-46)?
7
Let f = -17977 - -32582. What is the thousands digit of f?
4
Let y = -585 - -899. Suppose -u = -5*g - y, 2 + 8 = 5*g. What is the hundreds digit of u?
3
Suppose 0 = -3*t + 4*t + 4*t. Suppose 4*h - 1354 = -2*v, t = -4*h - 8*v + 10*v + 1374. Suppose 224 + h = 5*f. What is the tens digit of f?
1
Suppose -38035 = -2*j + z - 10*z, 0 = -3*j - 2*z + 57133. What is the ten thousands digit of j?
1
Let l be (266/(-10))/7*10/(-2). What is the hundreds digit of 2 + (-18 + l)/((-1)/(-436))?
4
Let r be 3218/7 + 6/21. Suppose -30 + r = 2*a. What is the tens digit of a?
1
Suppose 0 = -4*d + 5*w + 33066, 9*d + 41339 = 14*d - 3*w. What is the hundreds digit of d?
2
Let m be (48/(-108))/((-2)/9). Suppose k = -4*j - 46, -m*k + 28 = -4*j - 24. What is the units digit of 105*-3*4/j?
5
L